f. Suppose 3*x = -4*c - 25 + 1, -5*c + 5 = -5*x. What is k(c)?
2
Let r(q) = 0 - 3*q - q + 1 - 5*q. Determine r(1).
-8
Let v(u) = 6*u - 1. Let p(d) = 7*d - 1. Let f be p(1). Let w(r) = 2*r**2 + 4*r + 4. Let y be w(-2). Let m be (y/f)/(4/6). Give v(m).
5
Let z = 147 + -145. Let b(g) = 5*g**3 - 4*g**2 + 7*g - 8. Let f(l) = -9*l**3 + 7*l**2 - 13*l + 15. Let v(t) = 11*b(t) + 6*f(t). Calculate v(z).
0
Let c(w) be the second derivative of -w**4/12 - w**3/3 - 3*w**2/2 - w. Let i(j) = j + 5. Let s be i(-4). Let o(v) = -2*v**2 + v - 1. Let h be o(s). Give c(h).
-3
Let a(f) = 8*f - 1. Let m(i) = -17*i + 2. Let n(x) = -9*a(x) - 4*m(x). Give n(5).
-19
Let j(u) be the third derivative of -u**4/8 + 2*u**3/3 + u**2. Let p be (-2)/(20/(-34)) - (-12)/(-30). Give j(p).
-5
Suppose 0*w = -2*w. Let u = w + 0. Let j(s) = 2*s - 1 + 0 + u*s. What is j(1)?
1
Let g(n) = 4 - 3 + 2 - 2 - n**2. Give g(-2).
-3
Let w(t) be the second derivative of 5/2*t**2 + t - 1/6*t**3 + 0. Determine w(3).
2
Let v(p) = 2*p - 2. Let o(i) = -2*i - 8. Let c be 3/6 + 47/2. Suppose 0 = -5*x + x - c. Let g be o(x). Determine v(g).
6
Let t(x) = -11*x**3 + 15*x**2 - 13*x - 8. Let k(f) = -5*f**3 + 7*f**2 - 6*f - 4. Let v(j) = -9*k(j) + 4*t(j). Suppose 2*a + 15 = 7*a. What is v(a)?
10
Let f(o) = -3*o**2 + o**3 + o**2 - 2*o**2 - 3 - 3*o**2 + 4*o. Determine f(6).
-15
Suppose -19 = -n + 5*f + 14, -n + 23 = -3*f. Let b(p) = p - 11. What is b(n)?
-3
Let n(b) = -3*b + 3. Let c = 2 - 4. Let t be c/(2/3) - -7. Determine n(t).
-9
Let s(t) = -t**2 + 2*t + 5. Let c be (-174)/(-45) + 14/105. Calculate s(c).
-3
Let n be (8/(-10))/((-3)/15). Let s = 3 + -1. Let f(v) = -4*v + 7 - v**s + 9*v - 9. Give f(n).
2
Suppose 5*x = 15 + 25. Suppose -2*n + x = -3*n + 5*g, -n + 8 = 3*g. Let q(d) = -2*d**n + 0*d + 0 + 2*d - 2 + 3. Determine q(-1).
-3
Suppose 11 = 3*j + u - 5*u, -13 = -5*j + 4*u. Let n(y) be the first derivative of 0*y**2 + 13/4*y**4 + 0*y**3 + 2 - y. Calculate n(j).
12
Let z(k) = 2*k**2. Suppose -4*d + 5*m - 13 = 0, -2*d + m + 3 = -4*d. What is z(d)?
8
Let m(i) = -5*i**2 - 4*i - 7. Let r(a) = 6*a**2 + 5*a + 8. Let n(x) = -7*m(x) - 6*r(x). What is n(-3)?
-2
Suppose 4*p + 17 = -15. Let j(x) = -x**3 - 8*x**2 - 3. Determine j(p).
-3
Suppose 0 = -w - 0*w + 5. Suppose 4*j - 3*i = -w - 7, 0 = -5*j + 3*i - 12. Let g(z) = z**3 + 5*z**2 + 4*z - 2 + j*z + 0*z. Calculate g(-4).
-2
Let g be ((-6)/(-21))/(2/28). Suppose -2*p + 2 = -g. Let l(t) = -4*t + 1. Give l(p).
-11
Suppose f - 4*j = 15, -3*j = -5*f - 2*j - 20. Let q = 12 - 6. Let y(u) = -q + u**2 + 4*u**2 - 3*u - u**3 + 2*u**3. Give y(f).
9
Let j(x) be the second derivative of -x**3/3 - x**2 + 2*x. Give j(-3).
4
Let x(m) be the third derivative of m**6/120 - m**5/15 + m**4/12 - m**3/6 - m**2. Let z be 1 - 0/5 - -2. Give x(z).
-4
Let f(y) = -17*y + 0 + 2*y**2 + 18*y - 2. Calculate f(-2).
4
Let n(c) = 195*c - 2*c**2 - 2 - 186*c + 4*c**2 + 5. Determine n(-6).
21
Let i(d) = d**3 + 5*d**2 - 2*d - 3. Suppose 0 = 6*x + 2*x + 40. What is i(x)?
7
Let c(g) = g**3 + g**2 + 3 + g + 8*g - g - 9*g**2. Give c(7).
10
Suppose 2*l + 3*l = 0. Let c be -2 - (1 - l/(-2)). Let w(u) = u**2 + u + 1. Calculate w(c).
7
Let y(r) = 2*r + 1 - 2 + 3. Let d be 3*3 - 1/1. Suppose 0 = w + 3*w + d. Give y(w).
-2
Let i(s) = -s**2 - 8*s - 1. Let t(z) = 2*z**2 + 17*z + 2. Let b(d) = 13*i(d) + 6*t(d). Calculate b(-1).
0
Let w(t) = t**3 - 7*t**2 + 10*t - 6. Let o be w(5). Let g(u) = -u**2 - 6*u + 6. Determine g(o).
6
Let q = 25 - 25. Let a(i) = i**3 + 8. What is a(q)?
8
Let v(n) = -n + 3. Let y(c) = 2*c**2 - 3*c - 5. Let j(r) = 3*r**2 - 2*r - 6. Let d(t) = 3*j(t) - 4*y(t). Let z = 13 + -18. Let q be d(z). Give v(q).
6
Let d(t) = -t + 0*t**2 + 20*t**2 - 21*t**2 + 4. Give d(0).
4
Let u(d) = d**2 + 2. Suppose -5*v + 4*y = -14 - 5, -3*v - 2*y = -7. Let c be (-2)/v*(-1 + -2). Calculate u(c).
6
Let y(c) = -17*c + 2. Let d(n) = 9*n - 1. Let j = -5 + -2. Let a = j + 10. Let g(f) = a*y(f) + 5*d(f). Give g(-1).
7
Let k = 20 - 13. Let u(j) = 2*j - 10. Give u(k).
4
Suppose t - q - 4*q + 17 = 0, -5*t - 4*q = -2. Let n(o) be the first derivative of -o**4/4 - o**3/3 + o**2 + 3*o + 13. Calculate n(t).
3
Let n be (-2)/(-3)*6/2. Suppose -n = 5*b + 18. Let i(t) = -4 + 0*t**2 - 2 - t**2 - 6*t. Determine i(b).
2
Let u(g) = -3*g - 436 + 439 + 2*g. Suppose 0 = -5*t + 2*t + 18. Calculate u(t).
-3
Suppose 0*i - 36 = 4*i. Let m(o) = o**3 + 9*o**2 + 2*o + 2. Determine m(i).
-16
Let j(u) = 4*u + u**3 - 3*u - 3*u - 2 + 3*u**2 - 2. Give j(-3).
2
Let w(s) = -s + 1. Suppose 0 = -4*g - 0*g. Let a be (2 - 1) + 0 + 0. Let f be (a + 3/(-2))*g. Determine w(f).
1
Let g(a) = a**3 - a**2 - a + 3. Let x be g(0). Let r = x + 0. Suppose -r*z + z + 5 = 5*l, l = -4*z + 1. Let w(m) = m**2 + m - 2. Give w(z).
-2
Let v(r) = -5*r. Let x be v(-1). Suppose 2*q + x*p + 11 = -7, 3*p + 14 = -2*q. Let h(j) = -j**2 - 6*j - 3. Determine h(q).
5
Let g(h) = h + 3. Let f = -6 + 11. Suppose 0 = -f*q - 5 - 5. Let t be (-2)/(q - (-12)/5). What is g(t)?
-2
Let m(w) = -w**2 - w + 1. Let s(a) = -5*a**2 - 12*a - 4. Let x(l) = 4*m(l) - s(l). Determine x(-8).
8
Let l be (-1)/2 + 14/(-4). Suppose 3*c + 0*c = 6. Let h be (-4)/2 + l/c. Let i(z) = -z**3 - 4*z**2 - 2*z - 6. What is i(h)?
2
Suppose 2*q - 4*d = 3*q - 29, 0 = 3*q + 5*d - 52. Suppose -3*f + 3*m = -q, -2*m + 6*m = -f - 22. Let v(h) = -2*h**3 - 2*h**2 - h - 2. What is v(f)?
8
Let t(z) = z**3 - z**2 - 2*z. Let v = -4 - -9. Suppose 5*p - 27 = v*c + p, -c - 5*p = 17. Let w = 5 + c. Calculate t(w).
-8
Let i(h) = h**2 - 7*h. Let q(o) be the first derivative of -o**4/4 + 8*o**3/3 + o**2 - 10*o + 1. Let n be q(8). Give i(n).
-6
Let j be (-15)/(-25) + 56/(-10). Let h(i) = -2*i**3 + 9*i**2 + 4*i + 2. Let x(c) = 3*c**3 - 10*c**2 - 3*c - 2. Let b(f) = -4*h(f) - 3*x(f). Calculate b(j).
8
Let u(b) = -b**3 - 4*b**2 - 3*b. Let f(s) = s**3 + 3*s**2 + 4*s + 1. Let c(d) = 2*f(d) + 3*u(d). What is c(-5)?
-18
Let q(l) = 2*l - 3 + 2*l + 0 - l. Suppose -5*p - 4 = -7*p. What is q(p)?
3
Let b(g) = g - 3. Let r(u) = -2*u + 7. Let z be r(0). What is b(z)?
4
Let l(i) = -i**2 + 6*i - 6. Let x(z) be the first derivative of -z**2/2 + z - 1. Let n be x(-3). What is l(n)?
2
Let s(i) = -11*i**2 + 2*i - 1. Suppose 0 = -4*y + 3 + 1. Give s(y).
-10
Let z(k) = k**3 - 26*k + 2*k**2 - 3 + 42*k - 20*k. Determine z(-4).
-19
Let p(z) = z - 144 + 142 + z. Let r be (3/(-2))/(1/2). Calculate p(r).
-8
Let h(n) = n - 2. Let j(k) = 1. Let u(o) = h(o) - 6*j(o). Determine u(-6).
-14
Let y(p) be the first derivative of p**3/3 + 3*p**2/2 - 5*p - 47. Determine y(-4).
-1
Let c(x) = -x**3 + 4*x**2 - 2*x + 3. Suppose q = l - 4, 5*q - q + 3*l + 23 = 0. Let b = 5 + q. Let f be ((-8)/(-2))/(2 + b). What is c(f)?
7
Let m(y) = -2*y - y - y**2 + 4*y + 3 + 2*y**2. Determine m(-3).
9
Let d(v) = -2*v - 2. Let l be ((-4)/(-8))/((-1)/(-46)). Let j = -14 + l. Let s = 5 - j. Give d(s).
6
Let o(v) = 2*v - 1. Let m = 8 - 5. Suppose 5*d = -2*d. Suppose -2*a - 5 = -r, -4*r = -d*a - m*a. Determine o(r).
-7
Suppose 0 = -3*m + 4*m. Let j(b) = m*b + 0*b + 0*b + 4*b. Calculate j(2).
8
Let l(n) = -2*n**2 - n - 6. Let i(u) = -8*u**2 - 4*u - 25. Let p(h) = -2*i(h) + 9*l(h). Let t(o) be the first derivative of p(o). Determine t(-1).
3
Let b(d) be the second derivative of -d**4/12 + 3*d**2/2 - 17*d. Give b(0).
3
Let h(l) = 0*l - l + 0*l + 4*l. Determine h(4).
12
Let q(b) = -111 - 2*b + 57 + 53. Let n = 7 + -5. Suppose 4*w - l = n, 3*w = 2*w + 3*l - 5. Determine q(w).
-3
Let j(i) be the second derivative of i**6/120 - i**5/12 - i**4/24 - i**3/6 - 9*i**2/2 + 10*i. Let l(a) be the first derivative of j(a). Calculate l(5).
-6
Let h(x) = -2*x + 6. Let l be h(4). Let i be 1*-10*1/l. Let g be (-5)/(-10) + i/2. Let r(q) = -q**2 + 4. Calculate r(g).
-5
Suppose -2 = o - 2. Let d(z) = 4 + z + 0*z + 1. Determine d(o).
5
Suppose -4*k - 6 + 30 = 0. Let c be (0 + 4)*(-12)/(-16). Let l(y) = 5 + 1 + c*y - k*y. Calculate l(4).
-6
Let z(h) = -h**2 - 8*h - 9. Let b be -5 - (-1)/(1/(-2)). What is z(b)?
-2
Let s(a) = a + 1. Let m(p) = 3*p + 7. Let h(t) = m(t) - 4*s(t). Calculate h(-5).
8
Let d(l) = -2*l**2 + 4*l + 7. Let q(g) = g**2 - 3*g - 7. Let k(x) = -2*d(x) - 3*q(x). Let s = 22 - 18. Suppose s*j + j = 0. Determine k(j).
7
Suppose 3*g + 2 = 8. Let y(o) = 2*o**3 - 3*o**2 + 2. Calculate y(g).
6
Suppose -5 = -4*v - 